2*l - 3 = -3*l. What is t(l)?
1
Let x(v) = -3*v - 11. Let m(p) = 16*p + 56. Let f(a) = 2*m(a) + 11*x(a). Give f(-7).
-2
Let o be (4/(-1))/8*-12. Let z(i) = -3*i**2 + 7*i - 29. Let d(c) = -c**2 + 2*c - 10. Let y(v) = -4*v. Let h be y(1). Let n(u) = h*z(u) + 11*d(u). What is n(o)?
6
Let r(b) be the first derivative of b**4/4 + 4*b**3/3 + b**2 + 6*b + 14. Determine r(-4).
-2
Let s(p) = p**2 + 2*p. Let z be 6*1/6*2. Suppose z*y + 16 = -2*y. Let w be 3/(2/y - 1). What is s(w)?
0
Suppose -4*n = -2*o + 3*o - 1, -5*o = -2*n - 27. Let s(p) = -p**3 - p**2 - 1. Let v(r) = -7*r**3 - 2*r**2 + 7*r - 6. Let t(m) = 6*s(m) - v(m). Calculate t(o).
-10
Suppose 0*z - 4*z = -24. Let r(l) = -3*l + 2*l + 2 + 0. Give r(z).
-4
Let w(a) = 4*a**3 + 10*a**2 + 4*a + 4. Let s(i) = 3*i**3 + 10*i**2 + 3*i + 4. Let u(p) = 3*s(p) - 2*w(p). What is u(-10)?
-6
Let t(q) = 0*q**2 - q**2 - q**3 - q**3 + 4 - 2*q**2 + 4*q. Let k(j) = 5*j**3 + 6*j**2 - 9*j - 8. Let a(w) = 3*k(w) + 7*t(w). Calculate a(3).
7
Let r(l) = l**2 - 6*l - 6. Let a be r(8). Suppose -2*o - a = 3*o. Let f(z) = z**2 + 2*z. Give f(o).
0
Let i(q) be the first derivative of -q**3/3 - 5*q**2/2 - 4*q - 41. Give i(-5).
-4
Let u(w) = w**2 - 4*w - 2 - 2*w**2 + 5. Suppose -b + 6 = -3*b. Determine u(b).
6
Let r be (-30)/(-12) + 1/(-2). Let l(f) = -r*f - f**2 + 0*f - f**2 + 4*f. Give l(2).
-4
Let a be (-80)/(-10)*(-1)/(-4). Let u(g) = g - 5 + 1 - 1 + a. Calculate u(3).
0
Let w(h) be the first derivative of h**2 - 1/6*h**3 - 2 + 0*h + 0*h**4 + 1/40*h**6 + 1/30*h**5. Let j(v) be the second derivative of w(v). Determine j(-1).
-2
Let p(i) = i**3 + 3*i**2 - 6*i - 5. Let y(j) = 2*j**3 - 2 + j**3 + 4*j**2 - 3*j**3 - j - 2*j**3. Let t be y(2). What is p(t)?
3
Let q be (-3)/6 - 11/(-2). Let v(o) = 2*o + 0*o + 8 - 3*o. Determine v(q).
3
Let c(y) be the third derivative of 0*y + 3/2*y**3 + 1/24*y**4 + 0 + 3*y**2. What is c(0)?
9
Let l(t) be the second derivative of -t**3/3 + t**2/2 - t. Let k be 5/(-15) - 16/(-3). Let v = -2 + k. Give l(v).
-5
Let y(v) = -v + 1. Suppose 5*u = 3*z + 28 + 12, z - 60 = -5*u. Let x = u - 6. Let p be y(x). Let c(a) = -2*a - 6. Calculate c(p).
2
Suppose 4*k - 8 = -2*m, m = -2*k + 2*m + 4. Let n = k + 2. Suppose -5*j - 3*q + 2 = -20, -2*j + n*q = -14. Let b(s) = s**3 - 5*s**2 - 2*s + 4. What is b(j)?
-6
Let y(f) = -f**2 + 6*f. Let z(n) = -n**3 + 3*n**2 + n + 2. Let t be z(3). Give y(t).
5
Let g(i) = i**2 + 27 - 27 + 9*i + 2. What is g(-7)?
-12
Suppose 0*g = g - 1. Let t(q) = -g - q**3 + q**2 + 1 + 1. Suppose 0 = u + 9 - 4, 2*u = -4*a - 2. Give t(a).
-3
Let r(g) = -g**2 + 5*g + 1. Suppose 2 - 12 = -2*j. Calculate r(j).
1
Let g(v) be the second derivative of -v**5/120 + v**4/24 + v**3/3 - 3*v. Let u(i) be the second derivative of g(i). What is u(3)?
-2
Let v = 3 + -1. Let o(g) be the second derivative of -g**4/12 - g**3/3 + g**2 - 2*g. Let f(x) = x**2 + 2*x - 2. Let j(b) = -5*f(b) - 6*o(b). Calculate j(v).
6
Let c(d) = -d**2 + 4*d - 2. Let m = 17 + -1. Let b = m + -13. What is c(b)?
1
Let a(f) = -4*f**2 - 3*f + 3. Let m(s) = 11*s**2 + 9*s - 10. Let u(b) = -8*a(b) - 3*m(b). Give u(-5).
-4
Let s = -5 - -11. Let c(r) = r**3 - 6*r**2 - 2*r + 4. What is c(s)?
-8
Suppose -11 + 1 = -t. Let v(y) = 3*y + 0*y - y**2 - t + 3*y - 7*y. Give v(0).
-10
Let p(w) = -w - 13. Let r be p(0). Let b = 4 + r. Let m be (-3)/b*(12 + 0). Let c(d) = -d + 3. Determine c(m).
-1
Let m(f) = -f + 4. Suppose 0 = 4*y - 4*q - 36, -5*y + 0 = 3*q - 5. Let b be m(y). Let p(o) = 2 + 2*o + b*o + 2*o. Calculate p(-2).
-6
Let s(m) = 4*m**2 - 3*m**2 - 6*m**2 - m. Suppose 1 - 13 = 4*y - 2*q, 0 = -4*y - 4*q + 12. Determine s(y).
-4
Let p(x) = x**2 + 7*x + 2. Suppose -r = 3*r + 24. Calculate p(r).
-4
Let r(j) = 5*j**3 - 9*j**2. Let n(x) = x**3 - x**2 - x - 1. Let k(w) = -6*n(w) + r(w). Determine k(-4).
-2
Let b(z) = -12*z**3 + 1. Suppose 4*j - 14 = 2*k, 4*k + 12 = 3*j + j. Calculate b(k).
-11
Let o(t) = -5*t**2. Suppose 0 = y + 3*y + 28. Let d(q) = -6*q**2 - 1. Let i(n) = y*o(n) + 6*d(n). What is i(0)?
-6
Let c(r) be the first derivative of -r**2/2 - 2. Suppose 0 = 2*q - 2 + 8. What is c(q)?
3
Let j(u) = -u + 2. Suppose 0 = -5*o - 7*o. Determine j(o).
2
Let a(z) = z**2. Let f(w) = w**3 + 11*w**2 - 1. Let c(b) = -5*a(b) + f(b). Let d(o) = -o**2 - 8*o + 14. Let i be d(-10). What is c(i)?
-1
Suppose 4*k + 7 = 19. Let y(i) be the second derivative of 0 - 1/6*i**k + 3/2*i**2 - 2*i. What is y(-3)?
6
Suppose 2*a + 4 = -2*n, 2*n + n + 5*a = -6. Suppose 0*i + 3*i = 12. Let g(o) = i*o + 1 + 2 + 0*o**2 + o**2. Give g(n).
-1
Let c(d) = d + 1. Let v(x) = -x**2 + 4*x - 2. Let m(g) = -2*c(g) + v(g). Give m(4).
-12
Let l(h) be the third derivative of h**5/60 + 7*h**4/24 - 5*h**3/6 - 34*h**2. What is l(-6)?
-11
Let p be (8/6)/(10/(-30)). Let m(w) = -w**2 - 3*w. Calculate m(p).
-4
Let o(k) = 2*k - 1. Let v be 4/(-3) - 2/15*5. Determine o(v).
-5
Let x(t) = t - 1. Let y(p) = p**3 - 2*p - 1. Let l be y(2). Let q be (-8 - l)/(0 - 1). Let w be q/3 - (-2)/6. Give x(w).
3
Let d(o) = o**2 - 1. Let v be ((-1)/4)/((-1)/8). Determine d(v).
3
Let n(t) = t**3 + 5*t**2 + 4*t + 4. Let h be n(-4). Let b = h - 2. Suppose 5*k - b*k - 18 = 0. Let c(u) = u**3 - 6*u**2 + u - 2. What is c(k)?
4
Suppose 0 = -4*c + c - 9. Let l(a) = -a**2 - 5*a - 1. Give l(c).
5
Suppose -2*d = -5*d + 6. Let g(z) = 0*z - 8*z + 3 - 8*z**d + 9*z**2. Give g(3).
-12
Suppose 0 = 5*u + g - 21, 3*u = 6*u + 5*g - 17. Let y = u + -5. Let t(n) = 0*n + n**2 - 6*n**3 + 0*n**2 + 1 + n. What is t(y)?
7
Let r(f) = f**2 + f + 2. Let m(k) = k - 3. Let g(i) = -2*i + 5. Let y(s) = 2*g(s) + 5*m(s). Let u be y(5). Suppose p = -u*p. Calculate r(p).
2
Let l(a) = -a**3 + 5*a**2 + 7. Let u be l(5). Let h(b) = -b**2 + 6*b - 6. Calculate h(u).
-13
Let i(t) be the first derivative of t**4/4 - t**3 + t**2 - 2*t - 14. Determine i(3).
4
Let f(i) = -i + 10. Let d be f(9). Let t be -2*-1*d/(-2). Let c be 1*(t + 0 - 0). Let h(g) = 5*g - 1. Calculate h(c).
-6
Let d(w) = -1 - 3 - 2*w - 5*w + 1 - 7*w**2. Let h(c) = 3*c**2 + 3*c + 1. Let l(i) = 2*d(i) + 5*h(i). What is l(-3)?
5
Let s(g) = 4*g**3 + 2*g + 1. Let n = -3 + 3. Let p = -1 - n. Determine s(p).
-5
Suppose 4 = -v + 4*s, -2*s = -5*s + 9. Let a(f) = -f**3 + 7*f**2 + 7*f - 9. Determine a(v).
-17
Let v(a) = -2*a. Let b(y) = -y. Let o(k) = -5*b(k) + 2*v(k). Let l be o(3). Let i(d) = l*d**2 + 2*d - 7*d**2 + 6 + 2*d**3 - 5*d**3 + 2*d**3. What is i(-4)?
-2
Suppose -4*n + 3*q + 9 = -n, 2*n - 5*q - 18 = 0. Let y = 5 - 3. Let b(h) = 3*h**2 - 7*h**y - h**3 - 1 + 3*h**2. What is b(n)?
-1
Let z(t) = -5*t + 3. Let m(h) = -6*h + 4. Let q(p) = -6*m(p) + 7*z(p). Let s = 9 - 6. Suppose l - s - 1 = 0. Give q(l).
1
Suppose -11*r + 14 = -4*r. Let k(x) = -2*x + 3. Let h(g) = g - 2. Let i(b) = r*k(b) + 5*h(b). Let m be 2/(-6) - 10/(-3). What is i(m)?
-1
Let s(t) = -t**2 + 4*t - 6. Let b be 1/3 - (-44)/12. Give s(b).
-6
Let d(v) = -2*v**3 - v**2 + v - 1. Let p(u) = -u**2 - 22*u - 39. Let t be p(-20). Calculate d(t).
-3
Let s(b) = b**3 - b + 1. Let i(n) = 3*n**3 - 3*n + 3. Let l(q) = 2*i(q) - 5*s(q). Determine l(1).
1
Let n be (4/(-12))/(3/(-846)). Let v(b) = -96 - 2*b + b + n. Let x = -1 - -1. Calculate v(x).
-2
Suppose 12*u - 2 = 10*u. Let z(i) = -i + 2 + 2*i + i - 3*i. Determine z(u).
1
Let r(w) = -8*w**3 + 2*w**2 - 2*w + 1. Let p(s) = -2 - 7 + 3 + s. Let u be p(7). Give r(u).
-7
Suppose 0 = -w - 5*r - 25, w - r = 5. Let g be 50/18 + (-12)/(-54). Suppose w = -0*m - g*m. Let c(f) = -f - 10. Give c(m).
-10
Let a(t) = -1 + 2*t - 6*t + t**2 - 2*t + 4*t. Suppose 2*o + 17 = 6*m - m, 2*o + 4*m = 28. Give a(o).
7
Let z(s) = -s**2 - s + 1. Let w(j) = -3*j**3 + 5*j**2 + 2*j - 3. Let h(d) = w(d) + 3*z(d). Suppose 0 = -3*f + 3 - 0. What is h(f)?
-2
Suppose -2*h = -3*h + 67. Let p(w) = -66 + 0*w + h + w. Give p(0).
1
Let r(c) = c**2 + 6*c - 5. Let p be r(-7). Let w(f) = 2*f + 3 - f - f**2 + f - 5. What is w(p)?
-2
Suppose -4*b + 2*p + 10 + 8 = 0, 18 = b - 5*p. Let f(s) = -17*s + 2. Let j(w) = -8*w + 1. Let o(i) = -6*f(i) + 13*j(i). What is o(b)?
-5
Suppose 6*b - 14 = 4*b. Let d(c) = -c**2 + 6*c - 6. Determine d(b).
-13
Let m(w) = -10 + 0*w - 6*w**2 - 7*w + w**3 + w. Let s(r) = r**2 + 5*r + 1. Let n be s(-6). Calculate m(n).
-3
Let v(c) = c - 9. Suppose 8 + 14 = q + 5*a, 0 = q + 2*a - 7. Let j = 3 + q. Calculate v(j).
-9
Let